est common divisor of z and c?
20
Let n(r) = 35072*r**3 - 3*r**2 + 27*r - 24. Let z be n(1). Calculate the highest common divisor of z and 256.
256
Let w be (-7)/49 + 81770/119 + -3 + 2. What is the greatest common divisor of 1323 and w?
49
Let a(f) = 123*f**2 + 8*f - 9. Let k be a(1). Calculate the highest common divisor of k and 3294.
122
Suppose 1168 + 29150 = 129*g - 11478. Calculate the highest common factor of 45 and g.
9
Suppose -3*y = 2*y - 90. Let u(r) = 63*r**3 + 2*r + 7*r**2 - 3 - 64*r**3 - 42. Let c be u(6). What is the highest common factor of y and c?
3
Let j = -99 + 105. Let v be (-71)/(-5) + 8/10. Suppose f = -4*f + p + v, 2*f + 5*p = 33. Calculate the highest common divisor of f and j.
2
Let o be (3*(-26)/(-5))/((4830/(-175))/(-69)). Let k(w) = -w**2 - 15*w - 2. Let z be k(-6). What is the greatest common factor of o and z?
13
Let q(t) = 3*t**2 + t + 1. Let a be q(-1). Let s = 203 + -210. Let v be 30/24 + (s/4)/7. What is the greatest common divisor of v and a?
1
Let t(u) = -4*u + 87. Let c be t(18). Suppose -c*l + 1760 = -4*l. Calculate the greatest common divisor of 100 and l.
20
Let k = -576 - -1382. Calculate the highest common factor of 52 and k.
26
Suppose 0 = -3*h + 10*h + 266. Let k = h + 64. Let r = -14 + k. What is the greatest common divisor of 4 and r?
4
Let k(s) = 3*s**2 - 7*s - 5. Let j be k(-6). Suppose 1350 - 5600 = -17*g. Let i = g + -221. Calculate the highest common factor of j and i.
29
Let w be -2 + 6/((7 - 3) + -3). Let s be (-8)/12*-6*1/w. Let y be (s + -4 + 4)/(2/14). What is the highest common factor of 14 and y?
7
Let t be ((-4587)/(-66) + 11)*(-60)/(-7). Calculate the greatest common divisor of 480 and t.
30
Let b be ((-4)/(-12))/(2/66). Suppose -b*o = -15*o - 32. Let t = o + 19. What is the greatest common divisor of 22 and t?
11
Let m = -95 + 91. Let s be 595/7 + 2*2/m. What is the highest common factor of s and 63?
21
Suppose 26*j - 28*j = -6. Let p be (-20)/(-4) + (-9)/j. Suppose 0*t + 64 = 2*a - 3*t, p*a + 4*t - 36 = 0. What is the highest common divisor of 234 and a?
26
Let h be 2/8*-4 - -1541. Let u be h/(-165)*(-1 - 5). What is the greatest common factor of 136 and u?
8
Let q(z) = 81*z + 4459. Let m be q(-55). What is the greatest common factor of 1382 and m?
2
Let f = 126 - 96. Let i(o) = o**2 + 5*o - 4. Let w be i(-6). Suppose -x - w*m = -18, -3*x + m = 4*m - 57. What is the highest common factor of f and x?
10
Suppose -4*n = -9*n + 5. Let s be 54 + (n + -1 - 3). What is the highest common divisor of s and 51?
51
Suppose -4*v - k + 919 = v, -5*v - 3*k + 917 = 0. Let c = v + -67. What is the highest common divisor of c and 78?
39
Let s(g) = 17*g + 43. Let y be s(11). Let l = y - 146. What is the greatest common factor of 12 and l?
12
Suppose -5*s = -8*s + 15. Suppose -1 - 74 = -s*o. Let l = -295 + 355. Calculate the highest common divisor of l and o.
15
Suppose 6137 = -11*j + 7292. Calculate the greatest common divisor of j and 10815.
105
Suppose -5255*m - 2254 = -5262*m. What is the greatest common factor of 253 and m?
23
Let f(s) = 3*s**2 - 19*s + 69. Let n be f(9). Let b = -114 + n. Suppose -4*o = -5*q + 3, 0 = 3*q + q + 5*o - 27. What is the highest common factor of b and q?
3
Let q be -4*((-1)/13 - (-7110)/(-520)). What is the greatest common factor of 352 and q?
11
Let f be 4 - 3 - (-1 - 0). Suppose f*t - 68 = -2. Suppose -22*u = -32 - 34. What is the greatest common divisor of t and u?
3
Suppose 5 + 7 = 6*m. Suppose -r + 2 = m. Suppose 0 = -11*q - r*q + 66. What is the greatest common factor of q and 54?
6
Let o be 6/(-15)*-10 - -12326. What is the highest common factor of o and 90?
90
Let w(l) = -5*l + 2. Let i be w(-2). Let s be 2 + -8 + 50*-4. Let h = 210 + s. What is the greatest common factor of i and h?
4
Let g(x) = -792*x + 8734. Let f be g(10). Calculate the greatest common divisor of f and 99.
11
Let w = 329 - 570. Let i = -220 - w. What is the greatest common divisor of i and 28?
7
Let h = 32 + -9. Suppose 230 = -6*c + 7*c. Let x = -138 + c. Calculate the highest common factor of h and x.
23
Let m = 465 - 469. Let k be -8 - (0 + m) - (-9 - 1). What is the highest common divisor of 22 and k?
2
Let s = 1980 + -1265. Calculate the highest common factor of 275 and s.
55
Let b be 1516/(-6)*(-1620)/1080. What is the highest common divisor of b and 2?
1
Suppose -7*y - 57*y = -1024. Suppose -2*i + 2*t = -56, -6*t + 2*t = 0. Calculate the highest common divisor of i and y.
4
Let a(c) = 444*c**2 + 2*c - 1042. Let x be a(13). Calculate the greatest common factor of x and 20.
20
Let n be (-11 - 209/(-22))*4024/(-6). Suppose -5*p + n = -554. What is the highest common divisor of 120 and p?
24
Let v = 30 - 6. Suppose -1081 - 497 = -6*g. Suppose l + 211 = 3*s, -3*s = -7*s + 5*l + g. What is the greatest common factor of s and v?
24
Suppose -196 + 16 = -20*j. Let m be 1359/(-39) + 6/(-39). Let l = m + 53. Calculate the greatest common divisor of l and j.
9
Let c(i) = -8*i**3 + 4*i**2 + 29*i + 44. Let g be c(-2). Calculate the highest common factor of g and 88.
22
Let j = 10562 + -10367. Calculate the greatest common divisor of 351 and j.
39
Let w(i) = -i**2 + 10*i + 77. Suppose -l - 4*v + 23 = 0, 4*l + 3*v - 24 - 29 = 0. Let t be w(l). What is the highest common factor of t and 12?
6
Suppose 162*o - 1449283 = -197*o. Calculate the highest common factor of o and 99.
11
Let r(b) = 3*b**2 - 12*b + 27. Let p be r(3). Suppose -22*u = -25*u. Suppose 990 = -u*a + 5*a. Calculate the greatest common divisor of p and a.
18
Let p = 4689 + -4680. What is the highest common factor of 8 and p?
1
Let y be ((-18)/4)/((-12)/(-16)). Let r = y - -7. Suppose -31 = -4*a - k, -2*a - k + 21 = 4. Calculate the greatest common factor of a and r.
1
Suppose -176 = -5*v + g + 153, 3*v - 2*g = 196. Suppose 59*w = v*w - 154. What is the highest common divisor of w and 33?
11
Suppose -12*b + 11273 - 137 = -4*b. What is the highest common divisor of 957 and b?
87
Suppose -37*t + 104*t = 48*t + 5928. Calculate the highest common divisor of t and 1080.
24
Suppose 0 = 134*r - 162*r + 896. Calculate the greatest common divisor of r and 16272.
16
Suppose -u - 2*u = -540. Suppose j - z = z - 48, -2*j + z = 84. Let r be (-4)/j + 597/30. Calculate the greatest common factor of r and u.
20
Suppose 2*q - 2*r + r = -2, -3*q = -3*r + 3. Let d be -11*q/1 + 1. Let g = 7791 + -7773. What is the highest common factor of g and d?
6
Suppose 0*j + o + 108 = 5*j, -10 = -5*o. Suppose 135 = 12*m - 657. Calculate the greatest common factor of j and m.
22
Let n(x) = 2*x**3 - 14*x**2 - 14*x. Let u be n(12). Suppose -3*z + 3*v + 603 = -u, 4*v - 1226 = -2*z. Calculate the highest common factor of z and 9.
9
Let k be 12/1*12/36. Suppose -k*m = -1130 + 346. Let o be (m/(-8) - -2)*-14. Calculate the highest common factor of o and 45.
45
Let i(p) = -48*p**3 - p**2 + 6*p - 6. Let c be i(1). Let t be (c + 3 + 0)/(13/(-26)). Calculate the highest common factor of 322 and t.
46
Suppose -135 = -5*s + 3*f, 80*f = -3*s + 77*f + 105. Calculate the highest common divisor of 1458 and s.
6
Let r = 2 - 3. Let t = 0 - r. Let y be ((-61)/122)/((-4)/88). What is the greatest common divisor of y and t?
1
Suppose -527 = j - 585. Calculate the greatest common factor of 1943 and j.
29
Suppose 0 = 2*q, -4*w + 5*q - 68 = 24. Let a = -19 - w. Let t(s) = 8*s**2 - 130*s + 42. Let b be t(16). Calculate the highest common factor of a and b.
2
Let u be (112/(-64))/(0 + (-5)/140). What is the highest common divisor of u and 2891?
49
Let l be 210/4 - 1/2. Let m(b) = 57*b + 293. Suppose -2*n + 320 - 328 = 0. Let w be m(n). Calculate the highest common divisor of w and l.
13
Let v(j) = 11*j + 283. Let s be v(7). What is the highest common divisor of 2280 and s?
120
Let l(c) = c**2 - 14*c - 47. Let t be l(17). Let y = 48 + t. What is the greatest common divisor of y and 13?
13
Let a = 220 + -103. Let z = 78536 - 78523. Calculate the highest common divisor of a and z.
13
Let h be 14/(-6) - (-126845)/69. What is the greatest common factor of 432 and h?
108
Let b(r) = -21*r**2 - 9*r - 79. Let g be b(-5). Let s be g*(3 - (-7 - -11)). Calculate the highest common factor of s and 13.
13
Let x(w) be the first derivative of -3*w**2 - 24*w + 32 + 1/3*w**3. Let h be x(9). What is the high